{"id":140,"date":"2023-01-31T18:00:54","date_gmt":"2023-01-31T17:00:54","guid":{"rendered":"http:\/\/rgzv-schwelm.com\/?page_id=140"},"modified":"2026-03-24T19:43:49","modified_gmt":"2026-03-24T18:43:49","slug":"termine","status":"publish","type":"page","link":"http:\/\/rgzv-schwelm.com\/?page_id=140","title":{"rendered":"Termine:"},"content":{"rendered":"\n<p>Versammlungen finden wie folgt immer um 19.30 Uhr in Schwelm im Berghauser Hof statt!<\/p>\n\n\n\n<div class=\"wp-block-media-text is-stacked-on-mobile\" style=\"grid-template-columns:32% auto\"><figure class=\"wp-block-media-text__media\"><img loading=\"lazy\" decoding=\"async\" width=\"280\" height=\"180\" src=\"http:\/\/rgzv-schwelm.com\/wp-content\/uploads\/2023\/02\/image.png\" alt=\"\" class=\"wp-image-465 size-full\"\/><\/figure><div class=\"wp-block-media-text__content\">\n<p>20. Februar    &#8222;Vererbungslehre&#8220; Teil 1<br>20. M\u00e4rz        &#8220; Vererbungslehre&#8220; Teil 2<br>10. April          Vorbereitungen f\u00fcrs H\u00e4hnewettkr\u00e4hen<br>                                         am 1. Mai<br>22. Mai             Wunschthema der Vereinmitglieder<br>14. Juni um 18.00 Uhr mit WM schauen<br><\/p>\n\n\n\n<p><\/p>\n\n\n\n<p><\/p>\n<\/div><\/div>\n\n\n\n<p class=\"has-large-font-size\"><br><\/p>\n\n\n\n<div class=\"wp-block-media-text is-stacked-on-mobile\"><figure class=\"wp-block-media-text__media\"><img loading=\"lazy\" decoding=\"async\" width=\"307\" height=\"180\" src=\"http:\/\/rgzv-schwelm.com\/wp-content\/uploads\/2023\/01\/image-8.png\" alt=\"\" class=\"wp-image-379 size-full\" srcset=\"http:\/\/rgzv-schwelm.com\/wp-content\/uploads\/2023\/01\/image-8.png 307w, http:\/\/rgzv-schwelm.com\/wp-content\/uploads\/2023\/01\/image-8-300x176.png 300w\" sizes=\"auto, (max-width: 307px) 100vw, 307px\" \/><\/figure><div class=\"wp-block-media-text__content\">\n<p>Kegel Abend ist am 13. Februar in Gevelsberg Am Rosendahl mit anschlie\u00dfendem Essen<br>Treffen um 17:45 Uhr<\/p>\n<\/div><\/div>\n\n\n\n<div class=\"wp-block-media-text has-media-on-the-right is-stacked-on-mobile\"><div class=\"wp-block-media-text__content\">\n<p>Am 21. M\u00e4rz sollte um 18.30 Uhr im Berghauser Hof in Schwelm unser <br>&#8222;Skat &#8211; und Spieleabend&#8220; stattfinden, er ist leider ausgefallen<\/p>\n<\/div><figure class=\"wp-block-media-text__media\"><img loading=\"lazy\" decoding=\"async\" width=\"302\" height=\"180\" src=\"http:\/\/rgzv-schwelm.com\/wp-content\/uploads\/2023\/01\/image-14.png\" alt=\"\" class=\"wp-image-392 size-full\" srcset=\"http:\/\/rgzv-schwelm.com\/wp-content\/uploads\/2023\/01\/image-14.png 302w, http:\/\/rgzv-schwelm.com\/wp-content\/uploads\/2023\/01\/image-14-300x179.png 300w\" sizes=\"auto, (max-width: 302px) 100vw, 302px\" \/><\/figure><\/div>\n\n\n\n<p><\/p>\n\n\n\n<div class=\"wp-block-media-text has-media-on-the-right is-stacked-on-mobile\"><div class=\"wp-block-media-text__content\">\n<p>Unser allj\u00e4hriges H\u00e4hnewettkr\u00e4hen am <br>01. Mai am Berghauser Hof in Schwelm<\/p>\n<\/div><figure class=\"wp-block-media-text__media\"><img loading=\"lazy\" decoding=\"async\" width=\"266\" height=\"229\" src=\"http:\/\/rgzv-schwelm.com\/wp-content\/uploads\/2023\/01\/DS-3.jpg\" alt=\"\" class=\"wp-image-382 size-full\"\/><\/figure><\/div>\n\n\n\n<p><\/p>\n\n\n\n<p>F\u00fcr alle flei\u00dfigen H\u00e4nde, die zum gelingen des H\u00e4hnewettkr\u00e4hen beigetragen haben, findet am Samstag, den 2. Mai um 18 Uhr unser Helferabend bei Fam. Windh\u00f6vel statt.<\/p>\n\n\n\n<div class=\"wp-block-media-text has-media-on-the-right is-stacked-on-mobile\"><div class=\"wp-block-media-text__content\">\n<p>Ausflug am 11. Juli <br>wir freuen uns drauf<\/p>\n<\/div><figure class=\"wp-block-media-text__media\"><img loading=\"lazy\" decoding=\"async\" width=\"740\" height=\"493\" src=\"http:\/\/rgzv-schwelm.com\/wp-content\/uploads\/2026\/01\/Bild_2026-01-29_183015947.png\" alt=\"\" class=\"wp-image-2162 size-full\" srcset=\"http:\/\/rgzv-schwelm.com\/wp-content\/uploads\/2026\/01\/Bild_2026-01-29_183015947.png 740w, http:\/\/rgzv-schwelm.com\/wp-content\/uploads\/2026\/01\/Bild_2026-01-29_183015947-300x200.png 300w\" sizes=\"auto, (max-width: 740px) 100vw, 740px\" \/><\/figure><\/div>\n\n\n\n<p><\/p>\n\n\n\n<div class=\"wp-block-media-text is-stacked-on-mobile\"><figure class=\"wp-block-media-text__media\"><img loading=\"lazy\" decoding=\"async\" width=\"768\" height=\"1024\" src=\"http:\/\/rgzv-schwelm.com\/wp-content\/uploads\/2024\/06\/IMG_4354-768x1024.jpg\" alt=\"\" class=\"wp-image-1628 size-full\" srcset=\"http:\/\/rgzv-schwelm.com\/wp-content\/uploads\/2024\/06\/IMG_4354-768x1024.jpg 768w, http:\/\/rgzv-schwelm.com\/wp-content\/uploads\/2024\/06\/IMG_4354-225x300.jpg 225w, http:\/\/rgzv-schwelm.com\/wp-content\/uploads\/2024\/06\/IMG_4354-1152x1536.jpg 1152w, http:\/\/rgzv-schwelm.com\/wp-content\/uploads\/2024\/06\/IMG_4354-1536x2048.jpg 1536w, http:\/\/rgzv-schwelm.com\/wp-content\/uploads\/2024\/06\/IMG_4354-scaled.jpg 1920w\" sizes=\"auto, (max-width: 768px) 100vw, 768px\" \/><\/figure><div class=\"wp-block-media-text__content\">\n<p>Spie\u00dfbraten drehen am 17. Juli bei<br> Anja und Kai<\/p>\n<\/div><\/div>\n\n\n\n<div class=\"wp-block-media-text has-media-on-the-right is-stacked-on-mobile\"><div class=\"wp-block-media-text__content\">\n<p>Jungtierbesprechung mit Versammlung am 19. September um 11 Uhr<\/p>\n<\/div><figure class=\"wp-block-media-text__media\"><img loading=\"lazy\" decoding=\"async\" width=\"1024\" height=\"768\" src=\"http:\/\/rgzv-schwelm.com\/wp-content\/uploads\/2024\/10\/Bild_2024-10-19_202408030-1024x768.png\" alt=\"\" class=\"wp-image-1757 size-full\" srcset=\"http:\/\/rgzv-schwelm.com\/wp-content\/uploads\/2024\/10\/Bild_2024-10-19_202408030-1024x768.png 1024w, http:\/\/rgzv-schwelm.com\/wp-content\/uploads\/2024\/10\/Bild_2024-10-19_202408030-300x225.png 300w, http:\/\/rgzv-schwelm.com\/wp-content\/uploads\/2024\/10\/Bild_2024-10-19_202408030-768x576.png 768w, http:\/\/rgzv-schwelm.com\/wp-content\/uploads\/2024\/10\/Bild_2024-10-19_202408030-1536x1152.png 1536w, http:\/\/rgzv-schwelm.com\/wp-content\/uploads\/2024\/10\/Bild_2024-10-19_202408030.png 2048w\" sizes=\"auto, (max-width: 1024px) 100vw, 1024px\" \/><\/figure><\/div>\n\n\n\n<div class=\"wp-block-media-text is-stacked-on-mobile\"><figure class=\"wp-block-media-text__media\"><img loading=\"lazy\" decoding=\"async\" width=\"640\" height=\"480\" src=\"http:\/\/rgzv-schwelm.com\/wp-content\/uploads\/2023\/01\/image-3.png\" alt=\"\" class=\"wp-image-360 size-full\" srcset=\"http:\/\/rgzv-schwelm.com\/wp-content\/uploads\/2023\/01\/image-3.png 640w, http:\/\/rgzv-schwelm.com\/wp-content\/uploads\/2023\/01\/image-3-300x225.png 300w\" sizes=\"auto, (max-width: 640px) 100vw, 640px\" \/><\/figure><div class=\"wp-block-media-text__content\">\n<p>Unsere Lokalschau findet am <br>31.Oktober bis 1. November statt<\/p>\n<\/div><\/div>\n\n\n\n<p><\/p>\n\n\n\n<p><\/p>\n","protected":false},"excerpt":{"rendered":"<p>Versammlungen finden wie folgt immer um 19.30 Uhr in Schwelm im Berghauser Hof statt! 20. Februar &#8222;Vererbungslehre&#8220; Teil 120. M\u00e4rz &#8220; Vererbungslehre&#8220; Teil 210. April Vorbereitungen f\u00fcrs H\u00e4hnewettkr\u00e4hen am 1. Mai22. Mai Wunschthema der Vereinmitglieder14. Juni um 18.00 Uhr mit WM schauen Kegel Abend ist am 13. Februar in Gevelsberg Am Rosendahl mit anschlie\u00dfendem EssenTreffen [&hellip;]<\/p>\n","protected":false},"author":1,"featured_media":0,"parent":0,"menu_order":0,"comment_status":"closed","ping_status":"closed","template":"","meta":{"footnotes":""},"class_list":["post-140","page","type-page","status-publish","hentry"],"_links":{"self":[{"href":"http:\/\/rgzv-schwelm.com\/index.php?rest_route=\/wp\/v2\/pages\/140","targetHints":{"allow":["GET"]}}],"collection":[{"href":"http:\/\/rgzv-schwelm.com\/index.php?rest_route=\/wp\/v2\/pages"}],"about":[{"href":"http:\/\/rgzv-schwelm.com\/index.php?rest_route=\/wp\/v2\/types\/page"}],"author":[{"embeddable":true,"href":"http:\/\/rgzv-schwelm.com\/index.php?rest_route=\/wp\/v2\/users\/1"}],"replies":[{"embeddable":true,"href":"http:\/\/rgzv-schwelm.com\/index.php?rest_route=%2Fwp%2Fv2%2Fcomments&post=140"}],"version-history":[{"count":26,"href":"http:\/\/rgzv-schwelm.com\/index.php?rest_route=\/wp\/v2\/pages\/140\/revisions"}],"predecessor-version":[{"id":2182,"href":"http:\/\/rgzv-schwelm.com\/index.php?rest_route=\/wp\/v2\/pages\/140\/revisions\/2182"}],"wp:attachment":[{"href":"http:\/\/rgzv-schwelm.com\/index.php?rest_route=%2Fwp%2Fv2%2Fmedia&parent=140"}],"curies":[{"name":"wp","href":"https:\/\/api.w.org\/{rel}","templated":true}]}}

<p>Versammlungen finden wie folgt immer um 19.30 Uhr in Schwelm im Berghauser Hof statt!</p>



<div class="wp-block-media-text is-stacked-on-mobile" style="grid-template-columns:32% auto"><figure class="wp-block-media-text__media"><img loading="lazy" decoding="async" width="280" height="180" src="http://rgzv-schwelm.com/wp-content/uploads/2023/02/image.png" alt="" class="wp-image-465 size-full"/></figure><div class="wp-block-media-text__content">
<p>20. Februar    &#8222;Vererbungslehre&#8220; Teil 1<br>20. März        &#8220; Vererbungslehre&#8220; Teil 2<br>10. April          Vorbereitungen fürs Hähnewettkrähen<br>                                         am 1. Mai<br>22. Mai             Wunschthema der Vereinmitglieder<br>14. Juni um 18.00 Uhr mit WM schauen<br></p>



<p></p>



<p></p>
</div></div>



<p class="has-large-font-size"><br></p>



<div class="wp-block-media-text is-stacked-on-mobile"><figure class="wp-block-media-text__media"><img loading="lazy" decoding="async" width="307" height="180" src="http://rgzv-schwelm.com/wp-content/uploads/2023/01/image-8.png" alt="" class="wp-image-379 size-full" srcset="http://rgzv-schwelm.com/wp-content/uploads/2023/01/image-8.png 307w, http://rgzv-schwelm.com/wp-content/uploads/2023/01/image-8-300x176.png 300w" sizes="auto, (max-width: 307px) 100vw, 307px" /></figure><div class="wp-block-media-text__content">
<p>Kegel Abend ist am 13. Februar in Gevelsberg Am Rosendahl mit anschließendem Essen<br>Treffen um 17:45 Uhr</p>
</div></div>



<div class="wp-block-media-text has-media-on-the-right is-stacked-on-mobile"><div class="wp-block-media-text__content">
<p>Am 21. März sollte um 18.30 Uhr im Berghauser Hof in Schwelm unser <br>&#8222;Skat &#8211; und Spieleabend&#8220; stattfinden, er ist leider ausgefallen</p>
</div><figure class="wp-block-media-text__media"><img loading="lazy" decoding="async" width="302" height="180" src="http://rgzv-schwelm.com/wp-content/uploads/2023/01/image-14.png" alt="" class="wp-image-392 size-full" srcset="http://rgzv-schwelm.com/wp-content/uploads/2023/01/image-14.png 302w, http://rgzv-schwelm.com/wp-content/uploads/2023/01/image-14-300x179.png 300w" sizes="auto, (max-width: 302px) 100vw, 302px" /></figure></div>



<p></p>



<div class="wp-block-media-text has-media-on-the-right is-stacked-on-mobile"><div class="wp-block-media-text__content">
<p>Unser alljähriges Hähnewettkrähen am <br>01. Mai am Berghauser Hof in Schwelm</p>
</div><figure class="wp-block-media-text__media"><img loading="lazy" decoding="async" width="266" height="229" src="http://rgzv-schwelm.com/wp-content/uploads/2023/01/DS-3.jpg" alt="" class="wp-image-382 size-full"/></figure></div>



<p></p>



<p>Für alle fleißigen Hände, die zum gelingen des Hähnewettkrähen beigetragen haben, findet am Samstag, den 2. Mai um 18 Uhr unser Helferabend bei Fam. Windhövel statt.</p>



<div class="wp-block-media-text has-media-on-the-right is-stacked-on-mobile"><div class="wp-block-media-text__content">
<p>Ausflug am 11. Juli <br>wir freuen uns drauf</p>
</div><figure class="wp-block-media-text__media"><img loading="lazy" decoding="async" width="740" height="493" src="http://rgzv-schwelm.com/wp-content/uploads/2026/01/Bild_2026-01-29_183015947.png" alt="" class="wp-image-2162 size-full" srcset="http://rgzv-schwelm.com/wp-content/uploads/2026/01/Bild_2026-01-29_183015947.png 740w, http://rgzv-schwelm.com/wp-content/uploads/2026/01/Bild_2026-01-29_183015947-300x200.png 300w" sizes="auto, (max-width: 740px) 100vw, 740px" /></figure></div>



<p></p>



<div class="wp-block-media-text is-stacked-on-mobile"><figure class="wp-block-media-text__media"><img loading="lazy" decoding="async" width="768" height="1024" src="http://rgzv-schwelm.com/wp-content/uploads/2024/06/IMG_4354-768x1024.jpg" alt="" class="wp-image-1628 size-full" srcset="http://rgzv-schwelm.com/wp-content/uploads/2024/06/IMG_4354-768x1024.jpg 768w, http://rgzv-schwelm.com/wp-content/uploads/2024/06/IMG_4354-225x300.jpg 225w, http://rgzv-schwelm.com/wp-content/uploads/2024/06/IMG_4354-1152x1536.jpg 1152w, http://rgzv-schwelm.com/wp-content/uploads/2024/06/IMG_4354-1536x2048.jpg 1536w, http://rgzv-schwelm.com/wp-content/uploads/2024/06/IMG_4354-scaled.jpg 1920w" sizes="auto, (max-width: 768px) 100vw, 768px" /></figure><div class="wp-block-media-text__content">
<p>Spießbraten drehen am 17. Juli bei<br> Anja und Kai</p>
</div></div>



<div class="wp-block-media-text has-media-on-the-right is-stacked-on-mobile"><div class="wp-block-media-text__content">
<p>Jungtierbesprechung mit Versammlung am 19. September um 11 Uhr</p>
</div><figure class="wp-block-media-text__media"><img loading="lazy" decoding="async" width="1024" height="768" src="http://rgzv-schwelm.com/wp-content/uploads/2024/10/Bild_2024-10-19_202408030-1024x768.png" alt="" class="wp-image-1757 size-full" srcset="http://rgzv-schwelm.com/wp-content/uploads/2024/10/Bild_2024-10-19_202408030-1024x768.png 1024w, http://rgzv-schwelm.com/wp-content/uploads/2024/10/Bild_2024-10-19_202408030-300x225.png 300w, http://rgzv-schwelm.com/wp-content/uploads/2024/10/Bild_2024-10-19_202408030-768x576.png 768w, http://rgzv-schwelm.com/wp-content/uploads/2024/10/Bild_2024-10-19_202408030-1536x1152.png 1536w, http://rgzv-schwelm.com/wp-content/uploads/2024/10/Bild_2024-10-19_202408030.png 2048w" sizes="auto, (max-width: 1024px) 100vw, 1024px" /></figure></div>



<div class="wp-block-media-text is-stacked-on-mobile"><figure class="wp-block-media-text__media"><img loading="lazy" decoding="async" width="640" height="480" src="http://rgzv-schwelm.com/wp-content/uploads/2023/01/image-3.png" alt="" class="wp-image-360 size-full" srcset="http://rgzv-schwelm.com/wp-content/uploads/2023/01/image-3.png 640w, http://rgzv-schwelm.com/wp-content/uploads/2023/01/image-3-300x225.png 300w" sizes="auto, (max-width: 640px) 100vw, 640px" /></figure><div class="wp-block-media-text__content">
<p>Unsere Lokalschau findet am <br>31.Oktober bis 1. November statt</p>
</div></div>



<p></p>



<p></p>

<p>Versammlungen finden wie folgt immer um 19.30 Uhr in Schwelm im Berghauser Hof statt! 20. Februar &#8222;Vererbungslehre&#8220; Teil 120. März &#8220; Vererbungslehre&#8220; Teil 210. April Vorbereitungen fürs Hähnewettkrähen am 1. Mai22. Mai Wunschthema der Vereinmitglieder14. Juni um 18.00 Uhr mit WM schauen Kegel Abend ist am 13. Februar in Gevelsberg Am Rosendahl mit anschließendem EssenTreffen [&hellip;]</p>
